{"id":46,"date":"2023-11-15T14:23:00","date_gmt":"2023-11-15T14:23:00","guid":{"rendered":"https:\/\/gift.yoursporto.com\/?post_type=product&#038;p=46"},"modified":"2026-01-30T16:08:07","modified_gmt":"2026-01-30T16:08:07","slug":"alibi-by-yoursporto","status":"publish","type":"product","link":"https:\/\/gift.yoursporto.com\/?product=alibi-by-yoursporto","title":{"rendered":"Alibi &#8211; TheWineSpot"},"content":{"rendered":"<ul>\n<li><em><span style=\"font-size: 14px;\">Ap\u00f3s compra com sucesso receber\u00e1 um email com o(s) GiftCard(s)<\/span><\/em><\/li>\n<li><span style=\"font-size: 14px;\"><em>Cada GiftCard \u00e9 v\u00e1lido por 12 meses a partir da data do recibo de compra.<\/em><\/span><\/li>\n<li><span style=\"font-size: 14px;\"><em>Para beneficiar da oferta, deves fazer uma reserva no restaurante com, pelo menos, 48 horas de anteced\u00eancia em rela\u00e7\u00e3o \u00e0 data em que pretendes utiliz\u00e1-la.<\/em><\/span><\/li>\n<li><span style=\"font-size: 14px;\"><em>A utiliza\u00e7\u00e3o da oferta e as reservas de mesa est\u00e3o sujeitas \u00e0 disponibilidade do restaurante na data pretendida.<\/em><\/span><\/li>\n<li><span style=\"font-size: 14px;\"><em>O GiftCard n\u00e3o \u00e9 v\u00e1lido para eventos especiais programados pelo restaurante.<\/em><\/span><\/li>\n<li><span style=\"font-size: 14px;\"><em>No dia da utiliza\u00e7\u00e3o da oferta, o GiftCard original deve ser apresentado em perfeitas condi\u00e7\u00f5es.<\/em><\/span><\/li>\n<li><span style=\"font-size: 14px;\"><em>O cliente \u00e9 respons\u00e1vel pela gest\u00e3o do giftcard e este s\u00f3 pode ser utilizado para uma compra e em simult\u00e2neo com outro m\u00e9todo de pagamento. Se o valor total da refei\u00e7\u00e3o exceder o montante dispon\u00edvel, o cliente tem de carregar o montante restante.<\/em><\/span><\/li>\n<li><span style=\"font-size: 14px;\"><em>As reservas efectuadas com anteced\u00eancia podem ser alteradas, desde que o restaurante seja avisado com pelo menos 48 horas de anteced\u00eancia da data j\u00e1 reservada.<\/em><\/span><\/li>\n<li><span style=\"font-size: 14px;\">Em caso de n\u00e3o compar\u00eancia, o GiftCard ser\u00e1 considerado como tendo sido utilizado.<\/span><\/li>\n<li><span style=\"font-size: 14px;\"><em>Em caso de perda, roubo, n\u00e3o utiliza\u00e7\u00e3o ou deteriora\u00e7\u00e3o do GiftCard, o benefici\u00e1rio n\u00e3o ter\u00e1 direito a qualquer indemniza\u00e7\u00e3o ou reembolso, sendo o mesmo considerado utilizado para todos os efeitos.<\/em><\/span><\/li>\n<li><span style=\"font-size: 14px;\"><em>Os GiftCards n\u00e3o podem ser convertidos em dinheiro ou reembolsados em nenhuma circunst\u00e2ncia. Ao atingir a data de expira\u00e7\u00e3o, o GiftCard \u00e9 automaticamente considerado expirado, mesmo que a oferta nele contida n\u00e3o tenha sido utilizada<\/em><\/span><\/li>\n<\/ul>\n","protected":false},"excerpt":{"rendered":"Ap\u00f3s compra com sucesso receber\u00e1 um email com o(s) GiftCard(s) Cada GiftCard \u00e9 v\u00e1lido por 12 meses a partir da data do recibo de compra. Para beneficiar da oferta, deves fazer uma reserva no restaurante com, pelo menos, 48 horas de anteced\u00eancia em rela\u00e7\u00e3o \u00e0 data em que pretendes utiliz\u00e1-la. A utiliza\u00e7\u00e3o da oferta e[&#8230;]","protected":false},"featured_media":4717,"template":"","meta":{"_eb_attr":"","_monsterinsights_skip_tracking":false,"_monsterinsights_sitenote_active":false,"_monsterinsights_sitenote_note":"","_monsterinsights_sitenote_category":0},"product_cat":[92],"product_tag":[],"aioseo_notices":[],"jetpack_sharing_enabled":true,"_links":{"self":[{"href":"https:\/\/gift.yoursporto.com\/index.php?rest_route=\/wp\/v2\/product\/46"}],"collection":[{"href":"https:\/\/gift.yoursporto.com\/index.php?rest_route=\/wp\/v2\/product"}],"about":[{"href":"https:\/\/gift.yoursporto.com\/index.php?rest_route=\/wp\/v2\/types\/product"}],"wp:featuredmedia":[{"embeddable":true,"href":"https:\/\/gift.yoursporto.com\/index.php?rest_route=\/wp\/v2\/media\/4717"}],"wp:attachment":[{"href":"https:\/\/gift.yoursporto.com\/index.php?rest_route=%2Fwp%2Fv2%2Fmedia&parent=46"}],"wp:term":[{"taxonomy":"product_cat","embeddable":true,"href":"https:\/\/gift.yoursporto.com\/index.php?rest_route=%2Fwp%2Fv2%2Fproduct_cat&post=46"},{"taxonomy":"product_tag","embeddable":true,"href":"https:\/\/gift.yoursporto.com\/index.php?rest_route=%2Fwp%2Fv2%2Fproduct_tag&post=46"}],"curies":[{"name":"wp","href":"https:\/\/api.w.org\/{rel}","templated":true}]}}